 What is x(25)?
264
Let q(s) = -5131*s + 129119. Calculate q(25).
844
Let w(u) = -4*u**2 + 438*u - 8047. Give w(86).
37
Let y(l) = 5412*l**2 - 26364*l + 7. What is y(5)?
3487
Let j(u) = 387*u - 219. Give j(-2).
-993
Let i(x) = 1718*x - 152911. Calculate i(89).
-9
Let l(o) = 21*o + 310. What is l(63)?
1633
Let p(z) = -z**3 - 44*z**2 + 3590*z + 925. Calculate p(42).
1
Let b(y) = -15*y**2 + 622*y + 116. What is b(42)?
-220
Let g(s) = -220*s + 20136. What is g(92)?
-104
Let u(o) = 14*o**3 - 48*o**2 - 328*o + 369. Give u(1).
7
Let f(h) = -3*h**2 - 318*h - 7638. Calculate f(-43).
489
Let w(z) = 2*z**3 + 32*z**2 + 34*z + 82. Determine w(-15).
22
Let n(p) = p - 51. Calculate n(98).
47
Let o(r) = r**3 + 4*r**2 - 3139*r - 12547. Calculate o(-4).
9
Let p(l) = -l**3 - 151*l**2 + 14877*l - 3292. Determine p(-219).
-7
Let w(p) = -p**2 - 2190*p + 1123746. Determine w(429).
195
Let r(m) = -m**3 - 16*m**2 - 65*m - 31. Give r(-5).
19
Let t(z) = 6*z**3 - 2*z**2 - 68*z + 176. Determine t(8).
2576
Let y(k) = -16*k**2 - 420*k - 2418. Determine y(-6).
-474
Let s(f) = -13*f**3 + 177*f**2 + 52*f - 365. Give s(14).
-617
Let w(p) = -26*p**2 + 10118*p - 40452. Calculate w(4).
-396
Let k(t) = -484080*t - 5324887. Calculate k(-11).
-7
Let j(n) = -157*n + 564. Give j(3).
93
Let q(r) = 11*r - 1781. Determine q(-166).
-3607
Let c(f) = 169*f + 6774. Calculate c(-41).
-155
Let w(q) = -q**3 - 55*q**2 + 139*q + 247. Calculate w(-57).
-1178
Let p(d) = 22*d**2 + 333*d + 3880. Give p(-12).
3052
Let f(z) = -z**2 - 9515*z + 603412. Give f(63).
-2
Let b(p) = -2519*p - 30592. What is b(-14)?
4674
Let h(y) = -y**2 - 37370*y + 448594. Determine h(12).
10
Let g(x) = 5206*x - 749673. Give g(144).
-9
Let p(y) = -1705*y - 456943. Calculate p(-268).
-3
Let s(a) = -145*a - 93883. What is s(-648)?
77
Let z(d) = 19*d**2 + 59*d + 125. What is z(-3)?
119
Let a(f) = f**3 + 23*f**2 - 86*f - 32. Calculate a(-23).
1946
Let k(l) = 14575*l + 568463. What is k(-39)?
38
Let u(h) = -19*h**2 - 438*h + 18838. Determine u(22).
6
Let k(b) = 1223*b + 100257. Determine k(-82).
-29
Let q(p) = -20*p**3 - 1601*p**2 - 93*p - 1138. Determine q(-80).
-98
Let j(x) = -117847*x + 235686. Give j(2).
-8
Let p(s) = -10*s**2 - 198*s - 92. Calculate p(-20).
-132
Let x(u) = 21039*u + 2301. Calculate x(0).
2301
Let y(a) = -a**3 + 61*a**2 - 889*a + 23. Give y(37).
-14
Let k(g) = -104703*g + 628212. Determine k(6).
-6
Let s(z) = -3*z**3 - 2*z**2 + 10*z + 5. Give s(0).
5
Let m(r) = 24*r**2 - 103*r - 328. What is m(-4)?
468
Let x(j) = 56673*j - 169950. Determine x(3).
69
Let f(j) = j**3 + 115*j**2 - 1326*j - 140387. Calculate f(-116).
-27
Let h(b) = 2*b**2 + 104*b + 339. What is h(-31)?
-963
Let o(t) = -43*t**2 - 207*t - 489. Determine o(-3).
-255
Let m(c) = 2*c**3 + 8*c**2 - 43217*c - 1045. Give m(-149).
-2
Let c(j) = -j**3 + 144*j**2 + 3686*j - 5643. Calculate c(166).
1
Let z(a) = -8448*a + 760315. Give z(90).
-5
Let x(v) = -82048*v - 3528076. Determine x(-43).
-12
Let q(v) = 906*v**3 - 2720*v**2 - 46*v + 167. Give q(3).
11
Let s(f) = 8221*f + 41067. Calculate s(-5).
-38
Let l(y) = 4881*y + 1156653. Determine l(-237).
-144
Let z(h) = -48*h**2 + 54*h + 51. What is z(-1)?
-51
Let n(q) = 20923*q + 3452231. Calculate n(-165).
-64
Let g(n) = -169967*n + 509939. Calculate g(3).
38
Let p(n) = 16*n**2 + 15109*n + 60450. Calculate p(-4).
270
Let p(c) = c**3 + 22*c**2 - 65*c - 2107. Give p(-20).
-7
Let d(p) = 184*p - 14703. Give d(80).
17
Let f(c) = 10*c**2 - 95*c + 271. Give f(6).
61
Let w(m) = m**2 - 1727*m - 15. Calculate w(0).
-15
Let a(s) = 82*s**2 + 253*s + 187. Calculate a(-2).
9
Let x(v) = 20*v**2 + 400*v - 46. Determine x(-18).
-766
Let p(o) = 2824*o + 141289. Calculate p(-50).
89
Let x(i) = 2903*i + 232246. Calculate x(-80).
6
Let h(i) = i**3 - 16*i**2 + 4513*i - 40388. Give h(9).
-338
Let s(y) = -250*y**2 + 6048*y + 11708. Determine s(26).
-44
Let a(g) = 1370*g**2 - 24659*g + 23. Calculate a(18).
41
Let z(t) = -t**3 + 72*t**2 + 2138*t - 150753. Calculate z(73).
-8
Let j(v) = 8*v**3 - 351*v**2 - 28*v - 698. Give j(44).
6
Let u(c) = -2110*c - 13046. What is u(-6)?
-386
Let b(k) = -k**3 + 18*k**2 + 106225*k - 2017833. Determine b(19).
81
Let d(b) = 6*b**2 - 305*b + 249. Determine d(50).
-1
Let i(k) = 99*k**2 - 3308*k + 1338. Give i(33).
-15
Let s(p) = -2723*p**2 - 1041*p - 1042. Give s(-1).
-2724
Let d(s) = -78255*s - 469452. What is d(-6)?
78
Let r(t) = t**3 - 10*t**2 - 213*t + 2265. Calculate r(12).
-3
Let a(c) = 2*c**2 + 174*c - 4600. Calculate a(-108).
-64
Let d(k) = -27352*k**2 - 109389*k + 84. Calculate d(-4).
8
Let s(p) = 11*p**3 - 889*p**2 - 158*p + 212. Determine s(81).
536
Let q(m) = -2*m**2 - 6072*m + 48617. What is q(8)?
-87
Let h(y) = 401*y + 27833. Give h(-67).
966
Let h(n) = -30*n**3 - 1375*n**2 - 1113*n + 533. Give h(-45).
-7
Let f(u) = 817*u - 77630. Give f(95).
-15
Let v(c) = 15*c**2 - 2528*c + 52048. Calculate v(24).
16
Let c(k) = -14*k**3 - 134*k**2 + 41*k - 201. Give c(-10).
-11
Let r(a) = 27*a**2 + 542*a + 2607. Calculate r(-8).
-1
Let k(h) = 548*h**2 + 1052*h + 1051. Determine k(-1).
547
Let c(x) = -x**3 + 43*x**2 + 180*x + 343. Determine c(47).
-33
Let d(o) = 5234*o + 209428. What is d(-40)?
68
Let t(l) = 4*l**3 + 93*l**2 + 480*l + 170. Give t(-16).
-86
Let t(x) = -258*x**2 + 1093*x - 140. What is t(4)?
104
Let k(a) = 155*a**3 + 2*a**2 - 2232*a + 2231. Give k(1).
156
Let s(b) = 3690*b - 1354023. Determine s(367).
207
Let a(s) = 4311*s - 73267. Determine a(17).
20
Let m(y) = -y**2 - 1704*y + 12011. What is m(7)?
34
Let r(i) = -505*i + 36861. What is r(73)?
-4
Let h(w) = -87*w**2 + 8564*w - 12128. What is h(97)?
-3
Let f(o) = -6*o**2 + 471*o + 436. Calculate f(80).
-284
Let a(r) = -22*r**3 + 5851*r**2 + 634*r - 97867. Calculate a(266).
21
Let c(x) = -x**2 - 879*x + 15269. Determine c(17).
37
Let t(d) = 251*d + 914. Determine t(3).
1667
Let i(b) = 2031*b**2 - 337147*b + 77. Give i(166).
-89
Let v(w) = 30*w - 749. Determine v(-38).
-1889
Let z(s) = -10509*s**2 + 42034*s + 1. Determine z(4).
-7
Let w(p) = 133342*p + 400311. Calculate w(-3).
285
Let j(h) = -4317*h + 116563. Determine j(27).
4
Let y(j) = j**2 - 129*j + 4093. What is y(74)?
23
Let v(o) = 4*o**3 + 791*o**2 - 798*o + 5. Determine v(1).
2
Let n(m) = -5*m**2 + 1172*m - 9090. Give n(8).
-34
Let c(n) = -n**3 + 12*n**2 - 49*n + 646. Calculate c(14).
-432
Let i(u) = -u**3 + 12*u**2 + 945*u + 4207. Give i(39).
-5
Let a(v) = -v**3 + 87*v**2 + 196*v - 844. Calculate a(89).
758
Let o(g) = 4861*g + 360. Give o(0).
360
Let r(d) = 3*d**2 + 1752*d - 13947. Calculate r(8).
261
Let w(c) = c**3 + 246*c**2 + 718*c - 1244. Determine w(-243).
1429
Let v(z) = -419*z - 4955. What is v(-12)?
73
Let z(i) = -i**3 - 82*i**2 - 1471*i - 104828. Give z(-80).
52
Let o(d) = 2*d**2 - 3043*d - 175044. Give o(1577).
3
Let g(c) = -c**3 - 514*c**2 - 6984*c + 7972. Give g(-500).
-28
Let x(u) = u**3 + 36*u**2 + 114*u + 4081. What is x(-36)?
-23
Let t(h) = -39*h**2 - 164*h - 1027. Give t(-7).
-1790
Let l(q) = -63715*q - 191203. Determine l(-3).
-58
Let y(d) = -7*d**2 - 4*d + 47. Give y(2).
11
Let l(j) = -j**3 - 198*j**2 - 7790*j - 748. Calculate l(-54).
8
Let a(j) = 1164*j - 175787. Determine a(151).
-23
Let j(f) = 14*f**2 - 16943*f - 257287. Determine j(-15).
8
Let j(k) = -2902*k - 104492. Calculate j(-36).
-20
Let k(y) = 2667978*y - 77371360. Calculate k(29).
2
Let w(l) = -l**2 - 478*l + 9022. Determine w(18).
94
Let x(k) = k**2 + 20344*k - 529583. Determine x(26).
37
Let s(q) = -q**3 - 23*q**2 - 127*q + 32. Give s(-14).
46
Let i(p) = p**3 - 2233*p**2 + p + 1. Determine i(0).
1
Let d(h) = h**2 - 2169*h - 103921. Give d(-47).
231
Let z(p) = 2*p**2 + 244*p - 1480. Determine z(-139).
3246
Let d(s) = 3824*s - 84121. Give d(22).
7
Let m(w) = w**3 - 218*w**2 + 3224*w + 2374. Give m(202).
758
Let h(l) = 60*l**2 + 3656*l - 21983. Determine h(6).
2113
Let t(h) = 120437*h**2 - 481753*h - 4. Determine t(4).
-24
Let d(v) = -v**2 - 99481*v + 47. Give d(0).
47
Let v(r) = -2*r**3 + 20*r**2 - 87*r + 397. Calculate v(7).
82
Let r(i) = -i**3 + 37*i**2 - 781*i + 33146. Determine r(39).
-355
Let a(z) = 9*z**3 - 550*z**2 + 57*z + 61. Give a(61).
-183
Let a(x) = -45678*x + 639469. What is a(14)?
-23
Let t(f) = -20*f**3 + 178*f**2 + 197*f - 1603. Calculate t(9).
8
Let m(n) = -186*n**2 + 1753*n + 3216. Calc